{"id":351,"date":"2016-11-06T16:57:20","date_gmt":"2016-11-06T15:57:20","guid":{"rendered":"http:\/\/kze-iksi.strony.uw.edu.pl\/?page_id=351"},"modified":"2018-04-03T20:20:57","modified_gmt":"2018-04-03T18:20:57","slug":"nasze-publikacje","status":"publish","type":"page","link":"http:\/\/kze.iksi.uw.edu.pl\/de\/publikacje-2\/nasze-publikacje\/","title":{"rendered":"(Polski) Nasze publikacje"},"content":{"rendered":"<p class=\"qtranxs-available-languages-message qtranxs-available-languages-message-de\">Leider ist der Eintrag nur auf <a href=\"http:\/\/kze.iksi.uw.edu.pl\/pl\/wp-json\/wp\/v2\/pages\/351\" class=\"qtranxs-available-language-link qtranxs-available-language-link-pl\" title=\"Polski\">Polski<\/a> verf\u00fcgbar. Der Inhalt wird unten in einer verf\u00fcgbaren Sprache angezeigt. Klicken Sie auf den Link, um die aktuelle Sprache zu \u00e4ndern.<\/p>(2017)<\/p>\n<p>Andrychowicz-Skrzeba J., PiS-Regierung: Warum die Proteste in Polen schw\u00e4cher werden, [w:] Vorw\u00e4rts, 08.02.2017, <a href=\"https:\/\/www.vorwaerts.de\/artikel\/pis-regierung-proteste-polen-schwaecher\">https:\/\/www.vorwaerts.de\/artikel\/pis-regierung-proteste-polen-schwaecher<\/a><\/p>\n<p>Andrychowicz-Skrzeba J., Geschichtspolitik aus polnischer Perspektive. Anmerkungen zum Begriff sowie zur Schaffung neuer polnischer Mythen, [w:] Ziemer K., Andrychowicz-Skrzeba J. (red.), Jenseits der Jubil\u00e4en. Geschichtspolitik im deutsch-polnischen Alltag, Warszawa 2017.<\/p>\n<p>Andrychowicz-Skrzeba J., Polityka historyczna z polskiej perspektywy. Uwagi do terminu i do tworzenia nowych polskich mit\u00f3w, [w:] Ziemer K., Andrychowicz-Skrzeba J. (red.), Pomi\u0119dzy jubileuszami. Polityka historyczna w polsko-niemieckiej codzienno\u015bci, Warszawa 2017.<\/p>\n<p>Arich-Gerz, Bruno: Namibische Fl\u00fcchtlingskinder in der DDR (1979-1989). Diskurse von und \u00fcber Kindheitserfahrungen zwischen Ostdeutschland und Afrika. In: Beitr\u00e4ge zur Germanistik\/Wissenschaftliche Beitr\u00e4ge des Verbandes polnischer Germanisten, S. 92-101 [http:\/\/www.sgp.edu.pl\/media\/2017.pdf]\n<p>Arich-Gerz, Bruno; Efing, Christian (2017): Geheimsprachen. Geschichte und Gegenwart verschl\u00fcsselter Kommunikation. Wiesbaden: Marix. <\/p>\n<p>Arich-Gerz, Bruno (2017): \u201ePolen, ein Blumenbeet der Freiheit\u201c. 100 Jahre Heinrich B\u00f6ll. In: faust-kultur.de, 21. Dezember 2017  [http:\/\/faustkultur.de\/3359-0-Heinrich-Boell-und-Polen.html#.WnWSLrMiHMw]\n<p>Arich-Gerz, Bruno (2017, alias Bruno Laberthier): Zeugnis ablegen. Besprechung der Sonderausstellung \u201eRysunki na Strz\u0119pach \u017bycia. Zag\u0142ada \u017byd\u00f3w n Lubelszczy\u017cnie w szkicach J\u00f3zefa Richtera\u201c im Staatlichen Museum Majdanek. Faust-kultur.de, 30. Dezember [http:\/\/faustkultur.de\/3373-0-Zeichnungen-von-Jozef-Richter-in-Majdanek.html#.WnWTM7MiHMw]\n<p>Latkowska, Magdalena, Kontrollmechanismen im schriftstellerischen Milieu im autorit\u00e4ren System \u2013 am Beispiel der DDR, Slowakische Zeitschrift f\u00fcr Germanistik, 2017, Jg. 9, Heft 2, s. 65-73.<\/p>\n<p>Latkowska, Magdalena, has\u0142a encyklopedyczne: Dzia\u0142alno\u015b\u0107 mi\u0119dzynarodowa, Nazizm i neonazizm, Polska po przemianach ustrojowych 1989 r. oraz: Socjalizm demokratyczny. W: Gda\u0144ska encyklopedia G\u00fcntera Grassa, Oficyna Gda\u0144ska 2017.<\/p>\n<p>Latkowska, Magdalena, Danzig und Gda\u0144sk in den publizistischen Texten von G\u00fcnter Grass, w: Csaba F\u00f6ldes, Detlef Haberland (Hrsg.) Nahe Ferne \u2013 ferne N\u00e4he. Zentrum und Peripherie in deutschsprachiger Literatur, Kunst und Philosophie, \u201eBeitr\u00e4ge zur Interkulturellen Germanistik\u201c, Band 9, Narr, T\u00fcbingen, s. 117-124.<\/p>\n<p>Piotrowska, Joanna, Winokurow, Fiodor (red.), Prasa w rosyjskim procesie historycznoliterackim\/ The Press in the Russian Historical-Literary Process, Wydawnictwo Naukowe Instytutu Komunikacji Specjalistycznej i Interkulturowej, Uniwersytet Warszawski, Warszawa 2017. Tom w serii naukowej \u201eStudia Interkulturowe\u201d pod redakcj\u0105 naukow\u0105 Magdaleny Latkowskiej.<\/p>\n<p>Spytek, Patrycja, \u201eDzieci i ryby g\u0142osu nie maj\u0105!\u201d. Trudny los dzieci w \u015bwietle opowiada\u0144 Antoniego Czechowa, \u201eElewator\u201d, nr 19 (1\/2017), Szczecin 2017, s. 114-119.<\/p>\n<p>Spytek, Patrycja, Witold Gombrowicz w krytycznych komentarzach Gustawa Herlinga-Grudzi\u0144skiego, [w:] Od Lema do Sienkiewicza (z Ingardenem w tle). Prace literaturoznawcze ofiarowane profesorowi Andrzejowi Stoffowi w siedemdziesi\u0105t\u0105 rocznic\u0119 urodzin, pod red. M. Cyzman, A. Skubaczewskiej-Pniewskiej, D. Brzostka, Toru\u0144 2017, s. 495. <\/p>\n<p>Utri, Reinhold: Das Lernen des Plurizentrikkonzepts bei DaF-LernerInnen am Beispiel der \u00f6sterreichischen Filmserie Dolce Vita &amp; Co. In: Beata Miko\u0142ajczyk, Renata Nadobnik (Hrsg.): Glottodidaktik. Vergangenheit &#8211; Gegenwart &#8211; Zukunft, Verlag Dr. Kova\u010d, Hamburg 2017, s. 79-97.<\/p>\n<p>Ziemer K., Andrychowicz-Skrzeba J. (red.), Jenseits der Jubil\u00e4en. Geschichtspolitik im deutsch-polnischen Alltag, Warszawa 2017.<br \/>\nZiemer K., Andrychowicz-Skrzeba J. (red.), Pomi\u0119dzy jubileuszami. Polityka historyczna w polsko-niemieckiej codzienno\u015bci, Warszawa 2017.<\/p>\n<p>\u017bebrowska, Ewa; Olpi\u0144ska-Szkie\u0142ko, Magdalena; Latkowska, Magdalena (Hrsg.), Germanistische Forschung in Polen. Gegenst\u00e4nde und Methoden Formen und Wirkungen, \u201eBeitr\u00e4ge zur Germanistik. Wissenschaftliche Beitr\u00e4ge des Verbandes Polnischer Germanisten\u201c, Warszawa 2017.<\/p>\n<p>(2016)<\/p>\n<p>Andrychowicz-Skrzeba J., Dialog polityk\u00f3w na p\u0142aszczy\u017anie polsko-niemieckiej w latach 1989-2011 z uwzgl\u0119dnieniem aspekt\u00f3w edukacji i polityki historycznej, [w:] Warakomska A., G\u00f3rajek A., Jamio\u0142kowski M., Dami\u0119cka-W\u00f3jcik A. (red.), Dialog kultur. Studia nad literatur\u0105, kultur\u0105 i histori\u0105 \/ Dialog der Kulturen. Studien zur Literatur, Kultur und Geschichte, Instytut Germanistyki UW, Warszawa 2016.<\/p>\n<p>Andrychowicz-Skrzeba J., Feicht R., Goodbye Europe? Die Aussenpolitik der polnischen PiS-Regierung, Internationale Analyse der Friedrich-Ebert-Stiftung, 06.2016.<\/p>\n<p>Andrychowicz-Skrzeba, Joanna, <em>Es lohnt sich, an die polnische Gesellschaft zu glauben <\/em>[w:] Vorw\u00e4rts, 25.01.2016, <a href=\"http:\/\/www.vorwaerts.de\/artikel\/lohnt-polnische-gesellschaft-glauben\">http:\/\/www.vorwaerts.de\/artikel\/lohnt-polnische-gesellschaft-glauben<\/a>.<\/p>\n<p>Latkowska, Magdalena, <em>\u201ePedagodzy socjalizmu\u201d czy \u201ewrogowie klasowi?\u201d Pisarze z NRD wobec powstania czerwcowego 1953 oraz budowy i obalenia muru berli\u0144skiego 1961-1989\u201d, <\/em>Wroc\u0142aw, ATUT.<\/p>\n<p>Latkowska, Magdalena, \u201eW\u0142adza, spo\u0142ecze\u0144stwo i \u015brodowiska tw\u00f3rcze z NRD wobec powstania czerwcowego w 1953 r.\u201d [w:] <em>Ideologiczna wsp\u00f3\u0142praca. W\u0142adze wobec \u015brodowisk opiniotw\u00f3rczych w PRL i NRD<\/em>, Sebastian Ligarski, Krzysztof Ruchniewicz, Dariusz Wojtaszyn (red.), Wroc\u0142aw 2016, s. 87-96.<\/p>\n<p>Latkowska, Magdalena, Arich-Gerz, Bruno, \u201eDas Editions-Projekt \u201eEdmund Polak\u201d (EPEP) [w:] <em>Berufsbezogene und (inter)kulturelle Kompetenzen im deutsch-polnischen Kultur- und Wirtschaftsraum<\/em>, Arbeitspapierw der Germanistischen Institutspartnerschaft (GIP) zwischen der Bergischen Universit\u00e4t Wuppertal und der Universit\u00e4t Warschau, s. 97-104, Bruno Arich Gerz, Christian Efing, Karl-Hubert Kiefer, (Hg.) <a href=\"http:\/\/www.germanistik.uni-wuppertal.de\/fileadmin\/germanistik\/Personal\/Efing\/GIP_Arbeitspapiere_1_2016_WEBVERSION.pdf\">www.germanistik.uni-wuppertal.de\/fileadmin\/germanistik\/Personal\/Efing\/GIP_Arbeitspapiere_1_2016_WEBVERSION.pdf<\/a><\/p>\n<p>\u017bebrowska, Ewa, Olpi\u0144ska-Szkie\u0142ko, Magdalena, Latkowska, Magdalena (Hg.), <em>Zwischen Kontinuit\u00e4t und Modernit\u00e4t. <\/em><em>Metawissenschaftliche und wissenschaftliche Erkenntnisse der germanistischen Forschung in Polen, Beitr\u00e4ge zur Germanistik. Wissenschaftliche Beitr\u00e4ge des Verbandes Polnischer Germanisten<\/em>, Warszawa, <a href=\"http:\/\/www.sgp.edu.pl\/media\/Warszawa2015\/Beitrage%20zur%20Germanistik%202015.pdf\">http:\/\/www.sgp.edu.pl\/media\/Warszawa2015\/Beitrage%20zur%20Germanistik%202015.pdf<\/a><\/p>\n<p>(2015)<\/p>\n<p>Andrychowicz-Skrzeba, Joanna, Klepacka M. (red.) <em>Friedrich-Ebert-Stiftung im Kaleidoskop der Geschichte. <\/em><em>25 Jahre B\u00fcro Warschau<\/em>, Warszawa.<\/p>\n<p>Andrychowicz-Skrzeba, Joanna, Klepacka M. (red.), <em>Fundacja im. Friedricha Eberta w kalejdoskopie historii. 25 lat warszawskiego biura<\/em>, Warszawa.<\/p>\n<p>Andrychowicz-Skrzeba, Joanna, Sendhardt B., <em>Vor den Parlamentswahlen 2015. Polen stellt sich neu auf<\/em>, 10.2015, <a href=\"http:\/\/library.fes.de\/pdf-files\/id-moe\/12003.pdf\">http:\/\/library.fes.de\/pdf-files\/id-moe\/12003.pdf<\/a>.<\/p>\n<p>Andrychowicz-Skrzeba, Joanna, <em>Polen vor der Wahl: Wer regiert k\u00fcnftig in Warschau? <\/em>[w:] Vorw\u00e4rts, 23.10.2015, <a href=\"http:\/\/www.vorwaerts.de\/artikel\/polen-wahl-regiert-kuenftig-warschau\">http:\/\/www.vorwaerts.de\/artikel\/polen-wahl-regiert-kuenftig-warschau<\/a>.<\/p>\n<p>Andrychowicz-Skrzeba, Joanna, Sendhardt B., <em>Polen nach den Parlamentswahlen<\/em> [w:] Perspektive 21.<\/p>\n<p>Schwencke, Boris, Wystawa indywidualna, Accademia di Belle Arti di Verona (Akademia Sztuk Pi\u0119knych, Werona, W\u0142ochy).<\/p>\n<p>Schwencke, Boris, Udzia\u0142 w wystawie zbiorowej: Zwi\u0105zek Polskich Artyst\u00f3w Plastyk\u00f3w, Warszawa.<br \/>","protected":false},"excerpt":{"rendered":"<p>Leider ist der Eintrag nur auf Polski verf\u00fcgbar. Der Inhalt wird unten in einer verf\u00fcgbaren Sprache angezeigt. Klicken Sie auf den Link, um die aktuelle Sprache zu \u00e4ndern.(2017) Andrychowicz-Skrzeba J., PiS-Regierung: Warum die Proteste in Polen schw\u00e4cher werden, [w:] Vorw\u00e4rts, 08.02.2017, https:\/\/www.vorwaerts.de\/artikel\/pis-regierung-proteste-polen-schwaecher Andrychowicz-Skrzeba J., Geschichtspolitik aus polnischer Perspektive. Anmerkungen zum Begriff sowie zur Schaffung neuer\u2026 <span class=\"read-more\"><a href=\"http:\/\/kze.iksi.uw.edu.pl\/de\/publikacje-2\/nasze-publikacje\/\">Read More: (Polski) Nasze publikacje &raquo;<\/a><\/span><\/p>\n","protected":false},"author":374,"featured_media":0,"parent":105,"menu_order":0,"comment_status":"closed","ping_status":"closed","template":"","meta":{"ngg_post_thumbnail":0,"footnotes":"","_links_to":"","_links_to_target":""},"class_list":["post-351","page","type-page","status-publish","hentry"],"acf":[],"_links":{"self":[{"href":"http:\/\/kze.iksi.uw.edu.pl\/de\/wp-json\/wp\/v2\/pages\/351","targetHints":{"allow":["GET"]}}],"collection":[{"href":"http:\/\/kze.iksi.uw.edu.pl\/de\/wp-json\/wp\/v2\/pages"}],"about":[{"href":"http:\/\/kze.iksi.uw.edu.pl\/de\/wp-json\/wp\/v2\/types\/page"}],"author":[{"embeddable":true,"href":"http:\/\/kze.iksi.uw.edu.pl\/de\/wp-json\/wp\/v2\/users\/374"}],"replies":[{"embeddable":true,"href":"http:\/\/kze.iksi.uw.edu.pl\/de\/wp-json\/wp\/v2\/comments?post=351"}],"version-history":[{"count":5,"href":"http:\/\/kze.iksi.uw.edu.pl\/de\/wp-json\/wp\/v2\/pages\/351\/revisions"}],"predecessor-version":[{"id":488,"href":"http:\/\/kze.iksi.uw.edu.pl\/de\/wp-json\/wp\/v2\/pages\/351\/revisions\/488"}],"up":[{"embeddable":true,"href":"http:\/\/kze.iksi.uw.edu.pl\/de\/wp-json\/wp\/v2\/pages\/105"}],"wp:attachment":[{"href":"http:\/\/kze.iksi.uw.edu.pl\/de\/wp-json\/wp\/v2\/media?parent=351"}],"curies":[{"name":"wp","href":"https:\/\/api.w.org\/{rel}","templated":true}]}}

<p class="qtranxs-available-languages-message qtranxs-available-languages-message-de">Leider ist der Eintrag nur auf <a href="http://kze.iksi.uw.edu.pl/pl/wp-json/wp/v2/pages/351" class="qtranxs-available-language-link qtranxs-available-language-link-pl" title="Polski">Polski</a> verfügbar. Der Inhalt wird unten in einer verfügbaren Sprache angezeigt. Klicken Sie auf den Link, um die aktuelle Sprache zu ändern.</p>(2017)</p>
<p>Andrychowicz-Skrzeba J., PiS-Regierung: Warum die Proteste in Polen schwächer werden, [w:] Vorwärts, 08.02.2017, <a href="https://www.vorwaerts.de/artikel/pis-regierung-proteste-polen-schwaecher">https://www.vorwaerts.de/artikel/pis-regierung-proteste-polen-schwaecher</a></p>
<p>Andrychowicz-Skrzeba J., Geschichtspolitik aus polnischer Perspektive. Anmerkungen zum Begriff sowie zur Schaffung neuer polnischer Mythen, [w:] Ziemer K., Andrychowicz-Skrzeba J. (red.), Jenseits der Jubiläen. Geschichtspolitik im deutsch-polnischen Alltag, Warszawa 2017.</p>
<p>Andrychowicz-Skrzeba J., Polityka historyczna z polskiej perspektywy. Uwagi do terminu i do tworzenia nowych polskich mitów, [w:] Ziemer K., Andrychowicz-Skrzeba J. (red.), Pomiędzy jubileuszami. Polityka historyczna w polsko-niemieckiej codzienności, Warszawa 2017.</p>
<p>Arich-Gerz, Bruno: Namibische Flüchtlingskinder in der DDR (1979-1989). Diskurse von und über Kindheitserfahrungen zwischen Ostdeutschland und Afrika. In: Beiträge zur Germanistik/Wissenschaftliche Beiträge des Verbandes polnischer Germanisten, S. 92-101 [http://www.sgp.edu.pl/media/2017.pdf]
<p>Arich-Gerz, Bruno; Efing, Christian (2017): Geheimsprachen. Geschichte und Gegenwart verschlüsselter Kommunikation. Wiesbaden: Marix. </p>
<p>Arich-Gerz, Bruno (2017): „Polen, ein Blumenbeet der Freiheit“. 100 Jahre Heinrich Böll. In: faust-kultur.de, 21. Dezember 2017  [http://faustkultur.de/3359-0-Heinrich-Boell-und-Polen.html#.WnWSLrMiHMw]
<p>Arich-Gerz, Bruno (2017, alias Bruno Laberthier): Zeugnis ablegen. Besprechung der Sonderausstellung „Rysunki na Strzępach Życia. Zagłada Żydów n Lubelszczyżnie w szkicach Józefa Richtera“ im Staatlichen Museum Majdanek. Faust-kultur.de, 30. Dezember [http://faustkultur.de/3373-0-Zeichnungen-von-Jozef-Richter-in-Majdanek.html#.WnWTM7MiHMw]
<p>Latkowska, Magdalena, Kontrollmechanismen im schriftstellerischen Milieu im autoritären System – am Beispiel der DDR, Slowakische Zeitschrift für Germanistik, 2017, Jg. 9, Heft 2, s. 65-73.</p>
<p>Latkowska, Magdalena, hasła encyklopedyczne: Działalność międzynarodowa, Nazizm i neonazizm, Polska po przemianach ustrojowych 1989 r. oraz: Socjalizm demokratyczny. W: Gdańska encyklopedia Güntera Grassa, Oficyna Gdańska 2017.</p>
<p>Latkowska, Magdalena, Danzig und Gdańsk in den publizistischen Texten von Günter Grass, w: Csaba Földes, Detlef Haberland (Hrsg.) Nahe Ferne – ferne Nähe. Zentrum und Peripherie in deutschsprachiger Literatur, Kunst und Philosophie, „Beiträge zur Interkulturellen Germanistik“, Band 9, Narr, Tübingen, s. 117-124.</p>
<p>Piotrowska, Joanna, Winokurow, Fiodor (red.), Prasa w rosyjskim procesie historycznoliterackim/ The Press in the Russian Historical-Literary Process, Wydawnictwo Naukowe Instytutu Komunikacji Specjalistycznej i Interkulturowej, Uniwersytet Warszawski, Warszawa 2017. Tom w serii naukowej „Studia Interkulturowe” pod redakcją naukową Magdaleny Latkowskiej.</p>
<p>Spytek, Patrycja, „Dzieci i ryby głosu nie mają!”. Trudny los dzieci w świetle opowiadań Antoniego Czechowa, „Elewator”, nr 19 (1/2017), Szczecin 2017, s. 114-119.</p>
<p>Spytek, Patrycja, Witold Gombrowicz w krytycznych komentarzach Gustawa Herlinga-Grudzińskiego, [w:] Od Lema do Sienkiewicza (z Ingardenem w tle). Prace literaturoznawcze ofiarowane profesorowi Andrzejowi Stoffowi w siedemdziesiątą rocznicę urodzin, pod red. M. Cyzman, A. Skubaczewskiej-Pniewskiej, D. Brzostka, Toruń 2017, s. 495. </p>
<p>Utri, Reinhold: Das Lernen des Plurizentrikkonzepts bei DaF-LernerInnen am Beispiel der österreichischen Filmserie Dolce Vita &amp; Co. In: Beata Mikołajczyk, Renata Nadobnik (Hrsg.): Glottodidaktik. Vergangenheit &#8211; Gegenwart &#8211; Zukunft, Verlag Dr. Kovač, Hamburg 2017, s. 79-97.</p>
<p>Ziemer K., Andrychowicz-Skrzeba J. (red.), Jenseits der Jubiläen. Geschichtspolitik im deutsch-polnischen Alltag, Warszawa 2017.<br />
Ziemer K., Andrychowicz-Skrzeba J. (red.), Pomiędzy jubileuszami. Polityka historyczna w polsko-niemieckiej codzienności, Warszawa 2017.</p>
<p>Żebrowska, Ewa; Olpińska-Szkiełko, Magdalena; Latkowska, Magdalena (Hrsg.), Germanistische Forschung in Polen. Gegenstände und Methoden Formen und Wirkungen, „Beiträge zur Germanistik. Wissenschaftliche Beiträge des Verbandes Polnischer Germanisten“, Warszawa 2017.</p>
<p>(2016)</p>
<p>Andrychowicz-Skrzeba J., Dialog polityków na płaszczyźnie polsko-niemieckiej w latach 1989-2011 z uwzględnieniem aspektów edukacji i polityki historycznej, [w:] Warakomska A., Górajek A., Jamiołkowski M., Damięcka-Wójcik A. (red.), Dialog kultur. Studia nad literaturą, kulturą i historią / Dialog der Kulturen. Studien zur Literatur, Kultur und Geschichte, Instytut Germanistyki UW, Warszawa 2016.</p>
<p>Andrychowicz-Skrzeba J., Feicht R., Goodbye Europe? Die Aussenpolitik der polnischen PiS-Regierung, Internationale Analyse der Friedrich-Ebert-Stiftung, 06.2016.</p>
<p>Andrychowicz-Skrzeba, Joanna, <em>Es lohnt sich, an die polnische Gesellschaft zu glauben </em>[w:] Vorwärts, 25.01.2016, <a href="http://www.vorwaerts.de/artikel/lohnt-polnische-gesellschaft-glauben">http://www.vorwaerts.de/artikel/lohnt-polnische-gesellschaft-glauben</a>.</p>
<p>Latkowska, Magdalena, <em>„Pedagodzy socjalizmu” czy „wrogowie klasowi?” Pisarze z NRD wobec powstania czerwcowego 1953 oraz budowy i obalenia muru berlińskiego 1961-1989”, </em>Wrocław, ATUT.</p>
<p>Latkowska, Magdalena, „Władza, społeczeństwo i środowiska twórcze z NRD wobec powstania czerwcowego w 1953 r.” [w:] <em>Ideologiczna współpraca. Władze wobec środowisk opiniotwórczych w PRL i NRD</em>, Sebastian Ligarski, Krzysztof Ruchniewicz, Dariusz Wojtaszyn (red.), Wrocław 2016, s. 87-96.</p>
<p>Latkowska, Magdalena, Arich-Gerz, Bruno, „Das Editions-Projekt „Edmund Polak” (EPEP) [w:] <em>Berufsbezogene und (inter)kulturelle Kompetenzen im deutsch-polnischen Kultur- und Wirtschaftsraum</em>, Arbeitspapierw der Germanistischen Institutspartnerschaft (GIP) zwischen der Bergischen Universität Wuppertal und der Universität Warschau, s. 97-104, Bruno Arich Gerz, Christian Efing, Karl-Hubert Kiefer, (Hg.) <a href="http://www.germanistik.uni-wuppertal.de/fileadmin/germanistik/Personal/Efing/GIP_Arbeitspapiere_1_2016_WEBVERSION.pdf">www.germanistik.uni-wuppertal.de/fileadmin/germanistik/Personal/Efing/GIP_Arbeitspapiere_1_2016_WEBVERSION.pdf</a></p>
<p>Żebrowska, Ewa, Olpińska-Szkiełko, Magdalena, Latkowska, Magdalena (Hg.), <em>Zwischen Kontinuität und Modernität. </em><em>Metawissenschaftliche und wissenschaftliche Erkenntnisse der germanistischen Forschung in Polen, Beiträge zur Germanistik. Wissenschaftliche Beiträge des Verbandes Polnischer Germanisten</em>, Warszawa, <a href="http://www.sgp.edu.pl/media/Warszawa2015/Beitrage%20zur%20Germanistik%202015.pdf">http://www.sgp.edu.pl/media/Warszawa2015/Beitrage%20zur%20Germanistik%202015.pdf</a></p>
<p>(2015)</p>
<p>Andrychowicz-Skrzeba, Joanna, Klepacka M. (red.) <em>Friedrich-Ebert-Stiftung im Kaleidoskop der Geschichte. </em><em>25 Jahre Büro Warschau</em>, Warszawa.</p>
<p>Andrychowicz-Skrzeba, Joanna, Klepacka M. (red.), <em>Fundacja im. Friedricha Eberta w kalejdoskopie historii. 25 lat warszawskiego biura</em>, Warszawa.</p>
<p>Andrychowicz-Skrzeba, Joanna, Sendhardt B., <em>Vor den Parlamentswahlen 2015. Polen stellt sich neu auf</em>, 10.2015, <a href="http://library.fes.de/pdf-files/id-moe/12003.pdf">http://library.fes.de/pdf-files/id-moe/12003.pdf</a>.</p>
<p>Andrychowicz-Skrzeba, Joanna, <em>Polen vor der Wahl: Wer regiert künftig in Warschau? </em>[w:] Vorwärts, 23.10.2015, <a href="http://www.vorwaerts.de/artikel/polen-wahl-regiert-kuenftig-warschau">http://www.vorwaerts.de/artikel/polen-wahl-regiert-kuenftig-warschau</a>.</p>
<p>Andrychowicz-Skrzeba, Joanna, Sendhardt B., <em>Polen nach den Parlamentswahlen</em> [w:] Perspektive 21.</p>
<p>Schwencke, Boris, Wystawa indywidualna, Accademia di Belle Arti di Verona (Akademia Sztuk Pięknych, Werona, Włochy).</p>
<p>Schwencke, Boris, Udział w wystawie zbiorowej: Związek Polskich Artystów Plastyków, Warszawa.<br />

<p>Leider ist der Eintrag nur auf Polski verfügbar. Der Inhalt wird unten in einer verfügbaren Sprache angezeigt. Klicken Sie auf den Link, um die aktuelle Sprache zu ändern.(2017) Andrychowicz-Skrzeba J., PiS-Regierung: Warum die Proteste in Polen schwächer werden, [w:] Vorwärts, 08.02.2017, https://www.vorwaerts.de/artikel/pis-regierung-proteste-polen-schwaecher Andrychowicz-Skrzeba J., Geschichtspolitik aus polnischer Perspektive. Anmerkungen zum Begriff sowie zur Schaffung neuer… <span class="read-more"><a href="http://kze.iksi.uw.edu.pl/de/publikacje-2/nasze-publikacje/">Read More: (Polski) Nasze publikacje &raquo;</a></span></p>
